er when 89998 is divided by 2195?
3
What is the remainder when 1238352 is divided by 43?
38
Calculate the remainder when 6118 is divided by 6039.
79
What is the remainder when 16846 is divided by 11?
5
Calculate the remainder when 2883 is divided by 88.
67
Calculate the remainder when 8776 is divided by 626.
12
Calculate the remainder when 3561 is divided by 3541.
20
What is the remainder when 3253 is divided by 38?
23
Calculate the remainder when 86385 is divided by 7194.
57
Calculate the remainder when 64068 is divided by 299.
82
Calculate the remainder when 1148 is divided by 478.
192
What is the remainder when 7916 is divided by 33?
29
What is the remainder when 105462 is divided by 11718?
0
Calculate the remainder when 18467 is divided by 60.
47
Calculate the remainder when 98330 is divided by 1666.
36
What is the remainder when 11413 is divided by 878?
877
Calculate the remainder when 5408 is divided by 285.
278
Calculate the remainder when 4960 is divided by 419.
351
What is the remainder when 18616 is divided by 414?
400
Calculate the remainder when 389615 is divided by 1210.
1205
Calculate the remainder when 5785 is divided by 226.
135
What is the remainder when 2474 is divided by 167?
136
What is the remainder when 29429 is divided by 47?
7
What is the remainder when 23757 is divided by 90?
87
What is the remainder when 3933 is divided by 1934?
65
What is the remainder when 1812 is divided by 757?
298
Calculate the remainder when 805429 is divided by 332.
329
Calculate the remainder when 35105 is divided by 5823.
167
Calculate the remainder when 773945 is divided by 589.
588
What is the remainder when 88104 is divided by 64?
40
What is the remainder when 71748 is divided by 121?
116
What is the remainder when 10242 is divided by 10066?
176
Calculate the remainder when 31916 is divided by 741.
53
Calculate the remainder when 69385 is divided by 6934.
45
What is the remainder when 58518 is divided by 19503?
9
What is the remainder when 2543 is divided by 162?
113
Calculate the remainder when 5084 is divided by 362.
16
Calculate the remainder when 20139 is divided by 5009.
103
What is the remainder when 3616 is divided by 6?
4
Calculate the remainder when 202123 is divided by 85.
78
Calculate the remainder when 916464 is divided by 19.
18
Calculate the remainder when 4196 is divided by 75.
71
Calculate the remainder when 10823 is divided by 286.
241
Calculate the remainder when 2090 is divided by 627.
209
Calculate the remainder when 10034 is divided by 27.
17
Calculate the remainder when 143971 is divided by 2117.
15
Calculate the remainder when 16781 is divided by 885.
851
What is the remainder when 32497 is divided by 6499?
2
Calculate the remainder when 300952 is divided by 109.
3
What is the remainder when 1252 is divided by 52?
4
What is the remainder when 18205 is divided by 177?
151
What is the remainder when 34661 is divided by 7?
4
What is the remainder when 2135 is divided by 267?
266
What is the remainder when 111408 is divided by 307?
274
Calculate the remainder when 1583404 is divided by 99.
97
Calculate the remainder when 7550 is divided by 7523.
27
What is the remainder when 4115 is divided by 2033?
49
Calculate the remainder when 10770 is divided by 4.
2
What is the remainder when 892294 is divided by 235?
234
Calculate the remainder when 8057 is divided by 666.
65
What is the remainder when 120623 is divided by 193?
191
Calculate the remainder when 15025 is divided by 278.
13
What is the remainder when 54191 is divided by 798?
725
Calculate the remainder when 17109 is divided by 129.
81
What is the remainder when 1207 is divided by 236?
27
Calculate the remainder when 9445 is divided by 10.
5
Calculate the remainder when 4995 is divided by 84.
39
Calculate the remainder when 806531 is divided by 20.
11
What is the remainder when 5064 is divided by 313?
56
Calculate the remainder when 500 is divided by 383.
117
Calculate the remainder when 460659 is divided by 1486.
1485
Calculate the remainder when 372922 is divided by 27.
25
Calculate the remainder when 16301 is divided by 230.
201
Calculate the remainder when 241960 is divided by 13.
4
Calculate the remainder when 13903 is divided by 4633.
4
What is the remainder when 1940 is divided by 20?
0
Calculate the remainder when 58872 is divided by 29425.
22
Calculate the remainder when 183 is divided by 23.
22
What is the remainder when 65755 is divided by 24?
19
Calculate the remainder when 13279 is divided by 2965.
1419
Calculate the remainder when 9740 is divided by 14.
10
What is the remainder when 4584 is divided by 1137?
36
Calculate the remainder when 2487594 is divided by 974.
972
Calculate the remainder when 5653 is divided by 117.
37
What is the remainder when 430206 is divided by 3585?
6
What is the remainder when 772 is divided by 342?
88
Calculate the remainder when 234 is divided by 198.
36
What is the remainder when 615524 is divided by 283?
282
What is the remainder when 2058 is divided by 1578?
480
What is the remainder when 170038 is divided by 130?
128
Calculate the remainder when 1815 is divided by 1746.
69
What is the remainder when 8501 is divided by 15?
11
Calculate the remainder when 7363 is divided by 355.
263
What is the remainder when 38219 is divided by 40?
19
Calculate the remainder when 36494 is divided by 1407.
1319
Calculate the remainder when 118357 is divided by 71.
0
Calculate the remainder when 122897 is divided by 25.
22
Calculate the remainder when 14048 is divided by 2808.
8
Calculate the remainder when 354865 is divided by 23.
21
Calculate the remainder when 223632 is divided by 253.
233
Calculate the remainder when 1659 is divided by 1651.
8
What is the remainder when 260367 is divided by 666?
627
What is the remainder when 404015 is divided by 231?
227
Calculate the remainder when 23607 is divided by 2144.
23
Calculate the remainder when 48756 is divided by 956.
0
What is the remainder when 881 is divided by 126?
125
What is the remainder when 1939 is divided by 177?
169
What is the remainder when 551 is divided by 252?
47
What is the remainder when 145260 is divided by 112?
108
Calculate the remainder when 7832 is divided by 7720.
112
What is the remainder when 34775 is divided by 36?
35
Calculate the remainder when 156076 is divided by 186.
22
Calculate the remainder when 13938 is divided by 120.
18
What is the remainder when 24838 is divided by 690?
688
Calculate the remainder when 3409 is divided by 114.
103
What is the remainder when 36162 is divided by 323?
309
What is the remainder when 1259 is divided by 150?
59
Calculate the remainder when 419977 is divided by 21.
19
Calculate the remainder when 1131 is divided by 357.
60
What is the remainder when 692650 is divided by 10186?
2
Calculate the remainder when 94614 is divided by 31357.
543
Calculate the remainder when 49613 is divided by 1033.
29
Calculate the remainder when 24891 is divided by 40.
11
Calculate the remainder when 3449 is divided by 858.
17
Calculate the remainder when 39039 is divided by 6448.
351
What is the remainder when 1136430 is divided by 16?
14
What is the remainder when 400 is divided by 306?
94
Calculate the remainder when 427 is divided by 220.
207
What is the remainder when 35835 is divided by 62?
61
What is the remainder when 8455 is divided by 4227?
1
Calculate the remainder when 1058 is divided by 25.
8
Calculate the remainder when 11503 is divided by 180.
163
What is the remainder when 205633 is divided by 530?
523
What is the remainder when 744 is divided by 199?
147
What is the remainder when 554392 is divided by 700?
692
What is the remainder when 7162 is divided by 71?
62
What is the remainder when 78 is divided by 28?
22
Calculate the remainder when 122446 is divided by 30573.
154
Calculate the remainder when 524 is divided by 177.
170
What is the remainder when 985 is divided by 61?
9
Calculate the remainder when 3028 is divided by 54.
4
What is the remainder when 37449 is divided by 6241?
3
What is the remainder when 277943 is divided by 89?
85
What is the remainder when 11889 is divided by 318?
123
Calculate the remainder when 5889 is divided by 454.
441
Calculate the remainder when 26576 is divided by 856.
40
Calculate the remaind